
True
Is 1445820731 a prime number?
True
Is 10930679161 a prime number?
True
Is 489067487 composite?
False
Is 61916391077 a prime number?
False
Is 1601997097 prime?
True
Is 412382609 a composite number?
False
Is 35680058833 a prime number?
True
Is 41181300487 prime?
True
Is 37618619 composite?
False
Is 9695352677 a composite number?
False
Is 171741679 composite?
True
Is 1018214601 prime?
False
Is 812280071 composite?
False
Is 696670279 prime?
False
Is 455998921 a prime number?
False
Is 19664937623 composite?
True
Is 21048801611 prime?
True
Is 146223197591 a prime number?
False
Is 2262179429 prime?
True
Is 93634859 prime?
False
Is 8203801633 a composite number?
False
Is 14977873063 a prime number?
True
Is 22743158219 composite?
True
Is 11072408729 prime?
True
Is 340003973139 prime?
False
Is 1153441457 composite?
True
Is 2331226127 a composite number?
True
Is 2314235659 a prime number?
True
Is 384687601 a prime number?
True
Is 393416171587 a composite number?
False
Is 15337919521 prime?
True
Is 10105748047 a prime number?
False
Is 5375501471 composite?
False
Is 22928693077 composite?
True
Is 8550087691 a composite number?
False
Is 613804273 a prime number?
False
Is 5463850451 a prime number?
True
Is 1875334607 a prime number?
True
Is 214830372151 composite?
False
Is 42045709613 prime?
False
Is 11233016603 a composite number?
True
Is 200696846543 prime?
True
Is 45795591482 a composite number?
True
Is 70784164067 composite?
False
Is 10685506703 a composite number?
False
Is 4195373887 a composite number?
True
Is 538378639 a prime number?
False
Is 31406777331 a prime number?
False
Is 9356680937 a composite number?
True
Is 38447341 composite?
False
Is 2578531465 a prime number?
False
Is 14780664959 a prime number?
True
Is 24625378363 a prime number?
True
Is 16533399 a prime number?
False
Is 120460193 a composite number?
True
Is 12812571257 a prime number?
False
Is 277685813 prime?
True
Is 886690261 composite?
True
Is 2064459901 composite?
True
Is 1186568783 composite?
False
Is 72728935 a composite number?
True
Is 19248817873 a composite number?
True
Is 11639237039 composite?
False
Is 1502402791 composite?
False
Is 12667956137 composite?
True
Is 965456411 prime?
False
Is 644697397 a prime number?
False
Is 4019306143 prime?
False
Is 152621701 composite?
True
Is 16941828121 a composite number?
False
Is 3447094579 prime?
False
Is 3255308813 composite?
True
Is 94341504919 prime?
True
Is 1342509587 a composite number?
False
Is 38852996323 a prime number?
False
Is 7202733987 composite?
True
Is 211918079 prime?
True
Is 636120773 composite?
True
Is 24467229935 a composite number?
True
Is 292973411 prime?
True
Is 602962021 composite?
True
Is 246001730851 a composite number?
False
Is 1012868243 composite?
True
Is 69000163 composite?
True
Is 4962524097 prime?
False
Is 9532925317 composite?
True
Is 13016909999 a prime number?
True
Is 139759115 composite?
True
Is 49703786149 a composite number?
False
Is 2038639279 a prime number?
True
Is 7686658159 prime?
True
Is 416178899 a composite number?
False
Is 1479506473 a prime number?
True
Is 3198749221 composite?
False
Is 776932879 prime?
False
Is 2394032339 a composite number?
True
Is 14835210287 composite?
False
Is 75113667229 a composite number?
False
Is 476272333 prime?
True
Is 32987777887 a prime number?
False
Is 84715430581 a prime number?
False
Is 89331097 composite?
True
Is 36173916683 composite?
False
Is 97183040873 composite?
False
Is 1740357569 composite?
False
Is 710366367847 composite?
False
Is 14717792959 a prime number?
False
Is 193795684529 a composite number?
False
Is 2484629629 a composite number?
True
Is 2583805583 a composite number?
True
Is 3983132471 a composite number?
True
Is 287375953 prime?
False
Is 2554400099 prime?
True
Is 5048685533 a prime number?
True
Is 12139962821 prime?
False
Is 15691363709 a composite number?
True
Is 5088683401 a prime number?
True
Is 24771859933 composite?
False
Is 6718350259 a prime number?
True
Is 266285599 prime?
False
Is 814609639 a prime number?
False
Is 607812637 prime?
True
Is 12574658353 prime?
False
Is 21480799759 prime?
True
Is 50504016227 composite?
True
Is 15800446939 a composite number?
False
Is 12640979023 prime?
False
Is 466196173 a composite number?
False
Is 41727439751 prime?
True
Is 25672321 a composite number?
True
Is 53893344443 composite?
True
Is 160959389 a prime number?
True
Is 5837876531 a prime number?
False
Is 62745889 prime?
False
Is 7316711317 composite?
True
Is 20271566267 a composite number?
False
Is 36487607069 composite?
False
Is 20318693747 composite?
True
Is 5385487759 prime?
False
Is 305937029 composite?
True
Is 182658994519 a composite number?
True
Is 9730266317 prime?
True
Is 45796389227 a prime number?
True
Is 18641796599 prime?
True
Is 33651053801 a composite number?
True
Is 3879994753 a composite number?
True
Is 2417819503 a composite number?
True
Is 1433371 composite?
False
Is 3060896107 prime?
False
Is 1042439011 composite?
False
Is 5277110123 a prime number?
False
Is 320193527 a composite number?
False
Is 555763349 a composite number?
True
Is 3136075127 composite?
False
Is 3467784967 prime?
False
Is 11220732601 prime?
False
Is 663231199 composite?
False
Is 5608672873 a composite number?
True
Is 2335488187 prime?
True
Is 1113995341 a prime number?
False
Is 25352545319 a composite number?
False
Is 54618139633 a composite number?
False
Is 569351899 prime?
True
Is 1618372923 a prime number?
False
Is 81866287 prime?
False
Is 8851917367 a prime number?
False
Is 18339941177 composite?
True
Is 2806838943 a composite number?
True
Is 2112554327 a prime number?
False
Is 1240728761 composite?
False
Is 4836087611 a prime number?
False
Is 6652832119 a prime number?
True
Is 145834774849 composite?
False
Is 30767575747 composite?
False
Is 13818369307 a prime number?
True
Is 1399085687 a composite number?
False
Is 239012663 composite?
False
Is 17674903937 prime?
False
Is 16356924681 composite?
True
Is 407555891 a prime number?
True
Is 23592953873 a composite number?
True
Is 62191422257 a composite number?
False
Is 13411060979 composite?
True
Is 28148985901 a prime number?
False
Is 5345092031 prime?
False
Is 583334727 a prime number?
False
Is 17177778679 prime?
False
Is 620959103 a prime number?
False
Is 22789953341 composite?
False
Is 239467981937 a prime number?
False
Is 20566743079 prime?
True
Is 394464233 a composite number?
False
Is 7485053999 prime?
True
Is 18227637979 a prime number?
True
Is 8173837237 a composite number?
False
Is 20594981761 a composite number?
True
Is 58967096317 a composite number?
False
Is 106044931 a composite number?
False
Is 399736817 a composite number?
False
Is 34927636409 a composite number?
False
Is 1209259741 a prime number?
True
Is 4153425671 a composite number?
False
Is 73810690543 a prime number?
False
Is 21957437233 a composite number?
True
Is 5796708781 composite?
True
Is 206915677 a composite number?
True
Is 1810696777 prime?
False
Is 1134884021 prime?
True
Is 1173281233 a composite number?
True
Is 13465439357 a composite number?
False
Is 1161423749 a composite number?
False
Is 13947748421 composite?
False
Is 296061281 composite?
False
Is 2850436637 a prime number?
True
Is 456991961 a prime number?
False
Is 274539619 a prime number?
False
Is 8703274331 composite?
False
Is 2715333391 a composite number?
False
Is 120978199 composite?
False
Is 1006913249 composite?
True
Is 2009374579 a prime number?
False
Is 9619239239 prime?
False
Is 5381626423 composite?
True
Is 792802169 a composite number?
False
Is 9672371617 prime?
False
Is 114953577997 prime?
True
Is 974458421 composite?
False
Is 1514272157 a composite number?
False
Is 169516930265 a composite number?
True
Is 1718967401 a prime number?
True
Is 64803572309 prime?
False
Is 1802634319 a prime number?
False
Is 20990763023 a prime number?
True
Is 7421791147 a prime number?
True
Is 12291719749 prime?
True
Is 8888168281 prime?
False
Is 32402044243 a composite number?
True
Is 15254019017 a composite number?
True
Is 379490765 composite?
True
Is 59318603 a composite number?
False
Is 23434239137 composite?
False
Is 13898710649 prime?
True
Is 1702373927 prime?
True
Is 14648964718 a composite number?
True
Is 6709698923 a prime number?
True
Is 23208146723 pr